3 - 4*a**2 - 3*a - 6. Let h(g) = 239*g - 2119. What is the remainder when o(-5) is divided by h(9)?
31
Suppose -8*z + 133 + 163 = 0. Calculate the remainder when z is divided by 23.
14
Let v = -761 - -898. Calculate the remainder when v is divided by 40.
17
Let n = -248 - -298. What is the remainder when n is divided by 22?
6
Suppose 5*d = 3*h + 410 + 549, 191 = d - h. Calculate the remainder when d is divided by 60.
13
Let f(l) = -48*l - 506. What is the remainder when f(-26) is divided by 93?
91
Suppose -2*u - 1 = -3, u = -4*s + 257. Suppose 54*x - s = 50*x. Calculate the remainder when 79 is divided by x.
15
Let i = 308 + -305. Let l be (-2)/(-8) + 23/4. Let v = l + 0. Calculate the remainder when v is divided by i.
0
Let q(f) = 3*f + 14. Let m be q(-10). Let r(d) = -d**2 - 10*d - 12. Let h be r(-10). What is the remainder when (m/14)/(h/42) is divided by 1?
0
Suppose 0 = 3*u - 5*x + 327 + 307, 4*x = -4*u - 824. Let n = -116 - u. What is the remainder when n is divided by 47?
45
Let n = 83 - 48. Let h = 7 + n. Calculate the remainder when h is divided by 9.
6
Suppose 16*i - 150 = 13*i. What is the remainder when i is divided by 21?
8
Let n(b) = -b**3 - 11*b**2 - 21*b - 18. What is the remainder when n(-9) is divided by 6?
3
Suppose -3*m + m - g = -2, m + 5*g - 10 = 0. Suppose 5*c = -m*c + 380. What is the remainder when c is divided by 26?
24
Let m be 42/9 + 14/(-21). Suppose -m*k + 12 + 4 = 0, -35 = -3*l - 2*k. Suppose 12*z = l*z + 66. What is the remainder when z is divided by 8?
6
Suppose -o + 0*o + l = -56, 15 = 5*l. Calculate the remainder when o is divided by 42.
17
Let c = 121 + 64. Let f = -109 + c. Calculate the remainder when f is divided by 20.
16
Let j = 15 - 21. Suppose 28 = 4*i - 4*f, 19*f - 14*f = 3*i - 31. Calculate the remainder when i/(-4)*j - -5 is divided by 6.
2
Let v = -146 - -335. Suppose 11*o - 3*o = 152. Calculate the remainder when v is divided by o.
18
Suppose -5*r + 4*l + 197 = -143, 0 = 2*r - 2*l - 134. What is the remainder when r is divided by 28?
16
Let k(s) = s**2 - s - 1. Let v = -262 - -290. What is the remainder when v is divided by k(-2)?
3
Let k = 22 - 76. Let z = k + 88. What is the remainder when 66 is divided by z?
32
Let b = -1549 - -1652. Let v = 34 - 13. What is the remainder when b is divided by v?
19
Let s = -8 + 7. Let b be (-5)/s + (1 - 0). What is the remainder when 69 is divided by (48/(-20))/(b/(-45))?
15
Suppose -2*z + 78 = -5*t, -3*z = t - 47 - 53. Calculate the remainder when 269 is divided by z.
31
Let h(i) = -2*i**2 + 0*i**2 + 2*i + 2*i**2 - 2 + 2*i**2. Let r be h(1). Suppose -r*o = 17 - 23. Calculate the remainder when 9 is divided by o.
0
Let d = -1 + 1. Suppose 4*n + d*n - 172 = 0. Calculate the remainder when n is divided by 14/35 + (3 - (-186)/10).
21
Suppose 0*i + 38 = 2*i - 2*n, 113 = 5*i + n. Suppose -14 - i = -4*k. Calculate the remainder when (6/4)/(4/40) is divided by k.
6
Suppose 3*g = 54 - 21. Let x(w) = w + 14. What is the remainder when x(g) is divided by 9?
7
Let j(f) = -4*f**2 + 22*f + 4. What is the remainder when 304 is divided by j(5)?
10
Let l = -137 - -320. Let h = -114 + l. Calculate the remainder when h is divided by 5.
4
Suppose 0 = -z - 25 + 31. Suppose 10 = 4*w - z. Calculate the remainder when 19 is divided by w.
3
Let w(x) = x**2 - 10*x + 13. Let z be w(11). Suppose -4*q + 9*q + 4*d = -61, 4*q = -4*d - 52. Let p = z + q. What is the remainder when p is divided by 6?
3
Let f = -47 + 133. Let d = -64 + f. Let l(t) = 10*t**2 + t + 1. Calculate the remainder when l(2) is divided by d.
21
Suppose -12*u + 39 = -165. Calculate the remainder when (-354)/(-12) + 1/2 is divided by u.
13
Let u(f) = f**3 + 6*f**2 + 2*f - 3. Let p(t) = -5*t + 163. What is the remainder when p(21) is divided by u(-5)?
10
Let v be -7*(2 + (-2 - 1)). Suppose -b + 848 = v*b. Suppose -4*a + 61 = 2*t + 9, 4*a = -5*t + b. Calculate the remainder when 68 is divided by t.
14
Suppose 0 = 5*g + 5*p - 120, 2*p - p - 5 = 0. Suppose -4*j + n = -7*j + 343, 0 = 3*j + 3*n - 351. What is the remainder when j is divided by g?
18
Suppose -7*c + 13 + 323 = 0. Let d = -41 + c. Calculate the remainder when 27 is divided by d.
6
Suppose -6 + 21 = 3*i. Suppose i - 51 = -2*k. Calculate the remainder when k is divided by 3.
2
What is the remainder when 30 - ((-3 + 4)*-5 - -2) is divided by 18?
15
Suppose -76 - 84 = -5*w. Let u(z) = -z**3 + 49*z**2 + 56*z - 205. What is the remainder when u(50) is divided by w?
31
Suppose 3942 = 5*n + 22*n. Calculate the remainder when n is divided by 15.
11
Calculate the remainder when 152 is divided by (152/6)/(304/684).
38
Suppose -391 = -6*l + 71. What is the remainder when 221 is divided by l?
67
Suppose -u - 65 = 30. What is the remainder when 27 is divided by 18/42 - u/7?
13
Let s = 54 - 35. Let a(b) = 2*b**2 - 37*b - 4. What is the remainder when 43 is divided by a(s)?
13
Suppose -4*n + 8*n - 192 = 0. Let x = -16 - 16. What is the remainder when 70 is divided by ((-24)/x)/(2/n)?
16
Let c be (-1 + -3)/4*-3. Let a be 4*1/6*c. Suppose 6*q - a = 4*q. What is the remainder when q is divided by 1?
0
Let w = -10 - -67. Calculate the remainder when 162 is divided by w.
48
Suppose 3*r + 5*i = 141, -3*r - 4*i - 114 = -6*r. Suppose 14*c - r = 7*c. Suppose -9 = -2*b + 21. Calculate the remainder when b is divided by c.
3
Let z(b) = -3*b + 7. Let x(p) = 54*p - 279. Calculate the remainder when x(6) is divided by z(-6).
20
Suppose 7*u - 3*r - 107 = 6*u, 5*u = -2*r + 603. What is the remainder when u is divided by 81?
38
Let u(b) = b**2 - 4*b + 11. Let a(v) = 2*v - 14. Let n = 42 - 31. Let m be a(n). Calculate the remainder when u(m) is divided by 11.
10
Let x = 24 - 9. What is the remainder when 3/(8/6*(-8)/(-256)) is divided by x?
12
Suppose -m - 7 = -5*p, -p + 2*m - 7 = -m. Suppose 9*a - 22 = 4*a + t, -a - 2*t = 0. What is the remainder when a is divided by p?
0
Let t = -100 - -274. Let f = 40 - 5. What is the remainder when t is divided by f?
34
Let s(d) = -4 + 2*d**3 - d**3 - 5 - 7 + 5*d**2 - 13*d. Let q be s(-8). Let a = 222 + q. What is the remainder when a is divided by 40?
38
Suppose 815 = 5*m + 95. Suppose -2*s + 5*s = 4*t - m, t - 36 = -s. Calculate the remainder when 70 is divided by t.
34
Let o(v) = v**3 - 12*v**2 + 17*v - 19. Calculate the remainder when 514 is divided by o(11).
44
Let m(o) = o**3 + 13*o**2 - 16*o + 28. Suppose 0 = 5*l + 3*k - 66, 2*l = -5*k + 12 + 3. Calculate the remainder when m(-14) is divided by l.
11
Let f(p) = -p**3 + 8*p**2 + 3*p + 1. Let u be f(6). Let n be u/2 + (-4)/8. Suppose -3*i = -8*i + n. Calculate the remainder when i is divided by 4.
1
Calculate the remainder when 67 is divided by 4 - -2 - (-10 - 1).
16
Suppose -11 = 5*i - 41. Suppose -7*a = -6*a. Suppose a = -3*o + 7*o - 64. Calculate the remainder when o is divided by i.
4
Let m(b) = -b**2 + 3*b + 8. What is the remainder when 27 is divided by m(2)?
7
What is the remainder when 364/(-4 - -8) + -5 is divided by 47?
39
Let w(r) = -6*r + 6. Let t be w(1). Suppose -6*f - 16 + 106 = t. What is the remainder when (-4)/18 - (-650)/9 is divided by f?
12
Suppose 4*u = 0, -10*u - 68 = -2*n - 6*u. Suppose -5*c - 26 = -3*i, c + 3*c - 8 = 0. Calculate the remainder when n is divided by i.
10
Let q(g) = -3*g - 8. Suppose 0 = k - a - 11 + 3, -2*a = 5*k - 5. Suppose -i = 2*u - 39, k*i - 43 = i + 3*u. What is the remainder when i is divided by q(-6)?
9
Let i be (93/15 - 5)*-10. Calculate the remainder when 150 is divided by (-352)/i*21/28.
18
Let x(t) = -2*t**3 + 10*t**2 + t. Let k be x(5). Suppose k*i = -s - 1, -2*s + 3*s = 2*i + 13. Calculate the remainder when 16 is divided by s.
7
Suppose 0 = g + 3*s - 21, 0 = 31*g - 28*g - 5*s + 7. Calculate the remainder when g is divided by 5.
1
Suppose -w - 2*b + 2 = -2, -3*b = -4*w + 16. What is the remainder when 27 is divided by (0 - (-42)/w)*(-2)/(-3)?
6
Suppose -4*h + 3 = 5*p - 8*p, 0 = 2*p - 2*h. Let z be (2 - 7/3)*3. Calculate the remainder when z/(3/(-3)) + 8 is divided by p.
0
Suppose -4*s - 5*u + 166 = 0, 6*s - s - 2*u - 224 = 0. What is the remainder when s is divided by 2?
0
Let t = -61 - -107. Let a(r) = r**3 - r**2 - 3*r + 16. What is the remainder when t is divided by a(0)?
14
Suppose -85 - 191 = -4*h. Let x = h - 61. What is the remainder whe